[INFO] cloning repository https://github.com/aaarkid/yew-app
[INFO] running `Command { std: "git" "-c" "credential.helper=" "-c" "credential.helper=/workspace/cargo-home/bin/git-credential-null" "clone" "--bare" "https://github.com/aaarkid/yew-app" "/workspace/cache/git-repos/https%3A%2F%2Fgithub.com%2Faaarkid%2Fyew-app", kill_on_drop: false }`
[INFO] [stderr] Cloning into bare repository '/workspace/cache/git-repos/https%3A%2F%2Fgithub.com%2Faaarkid%2Fyew-app'...
[INFO] running `Command { std: "git" "rev-parse" "HEAD", kill_on_drop: false }`
[INFO] [stdout] c4308318204b4f585ff2321b33ccca7987260bfb
[INFO] checking aaarkid/yew-app against master#9610dfe5a9a731ced1ea4923ecbd0c57fe367898 for beta-170-4
[INFO] running `Command { std: "git" "clone" "/workspace/cache/git-repos/https%3A%2F%2Fgithub.com%2Faaarkid%2Fyew-app" "/workspace/builds/worker-5-tc1/source", kill_on_drop: false }`
[INFO] [stderr] Cloning into '/workspace/builds/worker-5-tc1/source'...
[INFO] [stderr] done.
[INFO] validating manifest of git repo https://github.com/aaarkid/yew-app on toolchain 9610dfe5a9a731ced1ea4923ecbd0c57fe367898
[INFO] running `Command { std: CARGO_HOME="/workspace/cargo-home" RUSTUP_HOME="/workspace/rustup-home" "/workspace/cargo-home/bin/cargo" "+9610dfe5a9a731ced1ea4923ecbd0c57fe367898" "metadata" "--manifest-path" "Cargo.toml" "--no-deps", kill_on_drop: false }`
[INFO] started tweaking git repo https://github.com/aaarkid/yew-app
[INFO] finished tweaking git repo https://github.com/aaarkid/yew-app
[INFO] tweaked toml for git repo https://github.com/aaarkid/yew-app written to /workspace/builds/worker-5-tc1/source/Cargo.toml
[INFO] crate git repo https://github.com/aaarkid/yew-app already has a lockfile, it will not be regenerated
[INFO] running `Command { std: CARGO_HOME="/workspace/cargo-home" RUSTUP_HOME="/workspace/rustup-home" "/workspace/cargo-home/bin/cargo" "+9610dfe5a9a731ced1ea4923ecbd0c57fe367898" "fetch" "--manifest-path" "Cargo.toml", kill_on_drop: false }`
[INFO] running `Command { std: "docker" "create" "-v" "/var/lib/crater-agent-workspace/builds/worker-5-tc1/target:/opt/rustwide/target:rw,Z" "-v" "/var/lib/crater-agent-workspace/builds/worker-5-tc1/source:/opt/rustwide/workdir:ro,Z" "-v" "/var/lib/crater-agent-workspace/cargo-home:/opt/rustwide/cargo-home:ro,Z" "-v" "/var/lib/crater-agent-workspace/rustup-home:/opt/rustwide/rustup-home:ro,Z" "-e" "SOURCE_DIR=/opt/rustwide/workdir" "-e" "CARGO_TARGET_DIR=/opt/rustwide/target" "-e" "CARGO_HOME=/opt/rustwide/cargo-home" "-e" "RUSTUP_HOME=/opt/rustwide/rustup-home" "-w" "/opt/rustwide/workdir" "-m" "1610612736" "--user" "0:0" "--network" "none" "ghcr.io/rust-lang/crates-build-env/linux@sha256:19e73879b68f455e41552ea35293514db52ea292d993f571636dbffedb77a1ee" "/opt/rustwide/cargo-home/bin/cargo" "+9610dfe5a9a731ced1ea4923ecbd0c57fe367898" "metadata" "--no-deps" "--format-version=1", kill_on_drop: false }`
[INFO] [stdout] 9daad3532dc300e56bb5ad5058fbe7e06940a25820e9c45d431eeb48a0522e4b
[INFO] running `Command { std: "docker" "start" "-a" "9daad3532dc300e56bb5ad5058fbe7e06940a25820e9c45d431eeb48a0522e4b", kill_on_drop: false }`
[INFO] running `Command { std: "docker" "inspect" "9daad3532dc300e56bb5ad5058fbe7e06940a25820e9c45d431eeb48a0522e4b", kill_on_drop: false }`
[INFO] running `Command { std: "docker" "rm" "-f" "9daad3532dc300e56bb5ad5058fbe7e06940a25820e9c45d431eeb48a0522e4b", kill_on_drop: false }`
[INFO] [stdout] 9daad3532dc300e56bb5ad5058fbe7e06940a25820e9c45d431eeb48a0522e4b
[INFO] running `Command { std: "docker" "create" "-v" "/var/lib/crater-agent-workspace/builds/worker-5-tc1/target:/opt/rustwide/target:rw,Z" "-v" "/var/lib/crater-agent-workspace/builds/worker-5-tc1/source:/opt/rustwide/workdir:ro,Z" "-v" "/var/lib/crater-agent-workspace/cargo-home:/opt/rustwide/cargo-home:ro,Z" "-v" "/var/lib/crater-agent-workspace/rustup-home:/opt/rustwide/rustup-home:ro,Z" "-e" "SOURCE_DIR=/opt/rustwide/workdir" "-e" "CARGO_TARGET_DIR=/opt/rustwide/target" "-e" "CARGO_INCREMENTAL=0" "-e" "RUST_BACKTRACE=full" "-e" "RUSTFLAGS=--cap-lints=forbid" "-e" "RUSTDOCFLAGS=--cap-lints=forbid" "-e" "CARGO_HOME=/opt/rustwide/cargo-home" "-e" "RUSTUP_HOME=/opt/rustwide/rustup-home" "-w" "/opt/rustwide/workdir" "-m" "1610612736" "--user" "0:0" "--network" "none" "ghcr.io/rust-lang/crates-build-env/linux@sha256:19e73879b68f455e41552ea35293514db52ea292d993f571636dbffedb77a1ee" "/opt/rustwide/cargo-home/bin/cargo" "+9610dfe5a9a731ced1ea4923ecbd0c57fe367898" "check" "--frozen" "--all" "--all-targets" "--message-format=json", kill_on_drop: false }`
[INFO] [stdout] d759fa66b64da2f847ce67bbc14701550d9bd1ba169536a304862655ad6c3dc3
[INFO] running `Command { std: "docker" "start" "-a" "d759fa66b64da2f847ce67bbc14701550d9bd1ba169536a304862655ad6c3dc3", kill_on_drop: false }`
[INFO] [stderr]    Compiling proc-macro2 v1.0.43
[INFO] [stderr]    Compiling unicode-ident v1.0.3
[INFO] [stderr]    Compiling quote v1.0.21
[INFO] [stderr]    Compiling syn v1.0.99
[INFO] [stderr]    Compiling log v0.4.17
[INFO] [stderr]    Compiling wasm-bindgen-shared v0.2.82
[INFO] [stderr]    Compiling once_cell v1.13.1
[INFO] [stderr]    Compiling bumpalo v3.11.0
[INFO] [stderr]    Compiling wasm-bindgen v0.2.82
[INFO] [stderr]    Compiling serde_derive v1.0.144
[INFO] [stderr]    Compiling serde v1.0.144
[INFO] [stderr]    Compiling serde_json v1.0.85
[INFO] [stderr]     Checking ryu v1.0.11
[INFO] [stderr]     Checking itoa v1.0.3
[INFO] [stderr]    Compiling slab v0.4.7
[INFO] [stderr]     Checking hashbrown v0.12.3
[INFO] [stderr]    Compiling boolinator v2.4.0
[INFO] [stderr]     Checking scoped-tls-hkt v0.1.2
[INFO] [stderr]    Compiling proc-macro-error-attr v1.0.4
[INFO] [stderr]     Checking indexmap v1.9.1
[INFO] [stderr]    Compiling wasm-bindgen-backend v0.2.82
[INFO] [stderr]    Compiling proc-macro-error v1.0.4
[INFO] [stderr]    Compiling wasm-bindgen-macro-support v0.2.82
[INFO] [stderr]    Compiling thiserror-impl v1.0.32
[INFO] [stderr]    Compiling yew-macro v0.19.3
[INFO] [stderr]    Compiling wasm-bindgen-macro v0.2.82
[INFO] [stderr]     Checking thiserror v1.0.32
[INFO] [stderr]     Checking js-sys v0.3.59
[INFO] [stderr]     Checking console_error_panic_hook v0.1.7
[INFO] [stderr]     Checking web-sys v0.3.59
[INFO] [stderr]     Checking gloo-timers v0.2.4
[INFO] [stderr]     Checking wasm-bindgen-futures v0.4.32
[INFO] [stderr]     Checking gloo-utils v0.1.5
[INFO] [stderr]     Checking gloo-events v0.1.2
[INFO] [stderr]     Checking gloo-render v0.1.1
[INFO] [stderr]     Checking gloo-dialogs v0.1.1
[INFO] [stderr]     Checking gloo-file v0.2.3
[INFO] [stderr]     Checking gloo-storage v0.2.2
[INFO] [stderr]     Checking gloo-console v0.2.3
[INFO] [stderr]     Checking gloo v0.4.2
[INFO] [stderr]     Checking yew v0.19.3
[INFO] [stderr]     Checking yew-app v0.1.0 (/opt/rustwide/workdir)
[INFO] [stdout] error[E0422]: cannot find struct, variant or union type `Video` in this scope
[INFO] [stdout]   --> src/main.rs:10:9
[INFO] [stdout]    |
[INFO] [stdout] 10 |         Video {
[INFO] [stdout]    |         ^^^^^ not found in this scope
[INFO] [stdout]    |
[INFO] [stdout] note: struct `crate::videos::Video` exists but is inaccessible
[INFO] [stdout]   --> src/videos.rs:4:1
[INFO] [stdout]    |
[INFO] [stdout] 4  | struct Video {
[INFO] [stdout]    | ^^^^^^^^^^^^ not accessible
[INFO] [stdout] 
[INFO] [stdout] 
[INFO] [stdout] error[E0422]: cannot find struct, variant or union type `Video` in this scope
[INFO] [stdout]   --> src/main.rs:10:9
[INFO] [stdout]    |
[INFO] [stdout] 10 |         Video {
[INFO] [stdout]    |         ^^^^^ not found in this scope
[INFO] [stdout]    |
[INFO] [stdout] note: struct `crate::videos::Video` exists but is inaccessible
[INFO] [stdout]   --> src/videos.rs:4:1
[INFO] [stdout]    |
[INFO] [stdout] 4  | struct Video {
[INFO] [stdout]    | ^^^^^^^^^^^^ not accessible
[INFO] [stdout] 
[INFO] [stdout] 
[INFO] [stdout] error[E0422]: cannot find struct, variant or union type `Video` in this scope
[INFO] [stdout]   --> src/main.rs:16:9
[INFO] [stdout]    |
[INFO] [stdout] 16 |         Video {
[INFO] [stdout]    |         ^^^^^ not found in this scope
[INFO] [stdout]    |
[INFO] [stdout] note: struct `crate::videos::Video` exists but is inaccessible
[INFO] [stdout]   --> src/videos.rs:4:1
[INFO] [stdout]    |
[INFO] [stdout] 4  | struct Video {
[INFO] [stdout]    | ^^^^^^^^^^^^ not accessible
[INFO] [stdout] 
[INFO] [stdout] 
[INFO] [stdout] error[E0422]: cannot find struct, variant or union type `Video` in this scope
[INFO] [stdout]   --> src/main.rs:22:9
[INFO] [stdout]    |
[INFO] [stdout] 22 |         Video {
[INFO] [stdout]    |         ^^^^^ not found in this scope
[INFO] [stdout]    |
[INFO] [stdout] note: struct `crate::videos::Video` exists but is inaccessible
[INFO] [stdout]   --> src/videos.rs:4:1
[INFO] [stdout]    |
[INFO] [stdout] 4  | struct Video {
[INFO] [stdout]    | ^^^^^^^^^^^^ not accessible
[INFO] [stdout] 
[INFO] [stdout] 
[INFO] [stdout] error[E0422]: cannot find struct, variant or union type `Video` in this scope
[INFO] [stdout]   --> src/main.rs:16:9
[INFO] [stdout]    |
[INFO] [stdout] 16 |         Video {
[INFO] [stdout]    |         ^^^^^ not found in this scope
[INFO] [stdout]    |
[INFO] [stdout] note: struct `crate::videos::Video` exists but is inaccessible
[INFO] [stdout]   --> src/videos.rs:4:1
[INFO] [stdout]    |
[INFO] [stdout] 4  | struct Video {
[INFO] [stdout]    | ^^^^^^^^^^^^ not accessible
[INFO] [stdout] 
[INFO] [stdout] 
[INFO] [stdout] error[E0422]: cannot find struct, variant or union type `Video` in this scope
[INFO] [stdout]   --> src/main.rs:28:9
[INFO] [stdout]    |
[INFO] [stdout] 28 |         Video {
[INFO] [stdout]    |         ^^^^^ not found in this scope
[INFO] [stdout]    |
[INFO] [stdout] note: struct `crate::videos::Video` exists but is inaccessible
[INFO] [stdout]   --> src/videos.rs:4:1
[INFO] [stdout]    |
[INFO] [stdout] 4  | struct Video {
[INFO] [stdout]    | ^^^^^^^^^^^^ not accessible
[INFO] [stdout] 
[INFO] [stdout] 
[INFO] [stdout] error[E0422]: cannot find struct, variant or union type `Video` in this scope
[INFO] [stdout]   --> src/main.rs:22:9
[INFO] [stdout]    |
[INFO] [stdout] 22 |         Video {
[INFO] [stdout]    |         ^^^^^ not found in this scope
[INFO] [stdout]    |
[INFO] [stdout] note: struct `crate::videos::Video` exists but is inaccessible
[INFO] [stdout]   --> src/videos.rs:4:1
[INFO] [stdout]    |
[INFO] [stdout] 4  | struct Video {
[INFO] [stdout]    | ^^^^^^^^^^^^ not accessible
[INFO] [stdout] 
[INFO] [stdout] 
[INFO] [stdout] error[E0422]: cannot find struct, variant or union type `Video` in this scope
[INFO] [stdout]   --> src/main.rs:28:9
[INFO] [stdout]    |
[INFO] [stdout] 28 |         Video {
[INFO] [stdout]    |         ^^^^^ not found in this scope
[INFO] [stdout]    |
[INFO] [stdout] note: struct `crate::videos::Video` exists but is inaccessible
[INFO] [stdout]   --> src/videos.rs:4:1
[INFO] [stdout]    |
[INFO] [stdout] 4  | struct Video {
[INFO] [stdout]    | ^^^^^^^^^^^^ not accessible
[INFO] [stdout] 
[INFO] [stdout] 
[INFO] [stdout] error[E0412]: cannot find type `VideosList` in this scope
[INFO] [stdout]   --> src/main.rs:45:18
[INFO] [stdout]    |
[INFO] [stdout] 45 |                 <VideosList videos={videos} />
[INFO] [stdout]    |                  ^^^^^^^^^^ not found in this scope
[INFO] [stdout]    |
[INFO] [stdout] note: type alias `crate::videos::VideosList` exists but is inaccessible
[INFO] [stdout]   --> src/videos.rs:16:1
[INFO] [stdout]    |
[INFO] [stdout] 16 | #[function_component(VideosList)]
[INFO] [stdout]    | ^^^^^^^^^^^^^^^^^^^^^^^^^^^^^^^^^ not accessible
[INFO] [stdout]    = note: this error originates in the attribute macro `function_component` (in Nightly builds, run with -Z macro-backtrace for more info)
[INFO] [stdout] 
[INFO] [stdout] 
[INFO] [stdout] warning: unused import: `crate::videos::*`
[INFO] [stdout]  --> src/main.rs:6:9
[INFO] [stdout]   |
[INFO] [stdout] 6 |     use crate::videos::*;
[INFO] [stdout]   |         ^^^^^^^^^^^^^^^^
[INFO] [stdout]   |
[INFO] [stdout]   = note: `#[warn(unused_imports)]` on by default
[INFO] [stdout] 
[INFO] [stdout] 
[INFO] [stdout] error[E0412]: cannot find type `VideosList` in this scope
[INFO] [stdout]   --> src/main.rs:45:18
[INFO] [stdout]    |
[INFO] [stdout] 45 |                 <VideosList videos={videos} />
[INFO] [stdout]    |                  ^^^^^^^^^^ not found in this scope
[INFO] [stdout]    |
[INFO] [stdout] note: type alias `crate::videos::VideosList` exists but is inaccessible
[INFO] [stdout]   --> src/videos.rs:16:1
[INFO] [stdout]    |
[INFO] [stdout] 16 | #[function_component(VideosList)]
[INFO] [stdout]    | ^^^^^^^^^^^^^^^^^^^^^^^^^^^^^^^^^ not accessible
[INFO] [stdout]    = note: this error originates in the attribute macro `function_component` (in Nightly builds, run with -Z macro-backtrace for more info)
[INFO] [stdout] 
[INFO] [stdout] 
[INFO] [stdout] warning: unused import: `crate::videos::*`
[INFO] [stdout]  --> src/main.rs:6:9
[INFO] [stdout]   |
[INFO] [stdout] 6 |     use crate::videos::*;
[INFO] [stdout]   |         ^^^^^^^^^^^^^^^^
[INFO] [stdout]   |
[INFO] [stdout]   = note: `#[warn(unused_imports)]` on by default
[INFO] [stdout] 
[INFO] [stdout] 
[INFO] [stdout] error[E0609]: no field `speaker` on type `&_`
[INFO] [stdout]   --> src/main.rs:37:37
[INFO] [stdout]    |
[INFO] [stdout] 37 |         <p>{format!("{}: {}", video.speaker, video.title)}</p>
[INFO] [stdout]    |                                     ^^^^^^^
[INFO] [stdout] 
[INFO] [stdout] 
[INFO] [stdout] error[E0609]: no field `speaker` on type `&_`
[INFO] [stdout]   --> src/main.rs:37:37
[INFO] [stdout]    |
[INFO] [stdout] 37 |         <p>{format!("{}: {}", video.speaker, video.title)}</p>
[INFO] [stdout]    |                                     ^^^^^^^
[INFO] [stdout] 
[INFO] [stdout] 
[INFO] [stdout] error: aborting due to 6 previous errors; 1 warning emitted
[INFO] [stdout] 
[INFO] [stdout] 
[INFO] [stdout] Some errors have detailed explanations: E0412, E0422, E0609.
[INFO] [stdout] 
[INFO] [stdout] For more information about an error, try `rustc --explain E0412`.
[INFO] [stdout] 
[INFO] [stdout] error: aborting due to 6 previous errors; 1 warning emitted
[INFO] [stdout] 
[INFO] [stdout] 
[INFO] [stdout] Some errors have detailed explanations: E0412, E0422, E0609.
[INFO] [stdout] 
[INFO] [stdout] For more information about an error, try `rustc --explain E0412`.
[INFO] [stdout] 
[INFO] [stderr] error: could not compile `yew-app` (bin "yew-app" test) due to 7 previous errors; 1 warning emitted
[INFO] [stderr] warning: build failed, waiting for other jobs to finish...
[INFO] [stderr] error: could not compile `yew-app` (bin "yew-app") due to 7 previous errors; 1 warning emitted
[INFO] running `Command { std: "docker" "inspect" "d759fa66b64da2f847ce67bbc14701550d9bd1ba169536a304862655ad6c3dc3", kill_on_drop: false }`
[INFO] running `Command { std: "docker" "rm" "-f" "d759fa66b64da2f847ce67bbc14701550d9bd1ba169536a304862655ad6c3dc3", kill_on_drop: false }`
[INFO] [stdout] d759fa66b64da2f847ce67bbc14701550d9bd1ba169536a304862655ad6c3dc3
